be 4/((-7)/(21/(-6))). Suppose f*x = 5*j - 761, -3*j - 2*x - 224 = -671. List the prime factors of j.
151
Suppose -886 + 6538 = 9*i. List the prime factors of i.
2, 157
What are the prime factors of ((-30)/(-45))/(4/(-6)) - -2076?
5, 83
Suppose -3*v - 12 = -0*v, 0 = g - 5*v - 646. What are the prime factors of g?
2, 313
Let d = 528 - -26. What are the prime factors of d?
2, 277
Let z be (21/(-6) + 4)*8. Suppose 4*t - t + 4*d = -22, -z*d = -3*t + 10. Let b(h) = 7*h**2 + 5*h + 5. What are the prime factors of b(t)?
23
Let j(f) = 2*f**2 - f - 5. Let a(x) = -x**2 - 10*x - 8. Let u be a(-9). Let v be u/1 + 0 - -5. List the prime factors of j(v).
61
Suppose -c + 5*p = 126 - 4516, 2*p = 2*c - 8780. List the prime factors of c.
2, 5, 439
Let l(i) = -70*i - 14. Let t be l(6). Let g be -3 + (-2 - t)/(-4). Let z = g + 173. List the prime factors of z.
2, 31
Suppose 16*z - 74584 - 6568 = 0. What are the prime factors of z?
2, 317
Let t(r) = 69*r**3 - 3*r**2 + 4*r - 2. Let j(u) = -2*u + 17. Let l be j(8). What are the prime factors of t(l)?
2, 17
Let c(d) = 122*d**2 + 24*d + 87. List the prime factors of c(-4).
29, 67
Suppose 5*a = -1108 + 10748. List the prime factors of a.
2, 241
Let x = 166 + 156. List the prime factors of x.
2, 7, 23
Let l = -22 + 152. Let c = -76 + l. List the prime factors of c.
2, 3
Suppose -o = 3*w, 2*o - 2*w = -3*o. Let z be o + 3 + (-6 - -7). Let r(q) = -q**2 + 8*q - 2. What are the prime factors of r(z)?
2, 7
Let x(g) = -7*g**3 - 15*g**2 + 2*g - 5. List the prime factors of x(-5).
5, 97
Let t = 3733 - 1650. What are the prime factors of t?
2083
Let l be 0 - (9/(-3) + -7). Let j be (5/l)/(3/(-270)). Let f = -22 - j. What are the prime factors of f?
23
Let o(c) = -2*c**3 + 3*c**2 - c - 1. Let u be o(2). Let i = u + -13. Let d = 54 + i. List the prime factors of d.
2, 17
Suppose 20 + 0 = 5*v - h, -5*h = -25. Suppose 76 = m + v*k, -4*m + 224 = k + 3*k. What are the prime factors of m?
3, 17
Let o = -3 - 0. Let n be (-2)/o + (-640)/24. Let s = 36 + n. What are the prime factors of s?
2, 5
Suppose -20*j + 12122 = -7378. What are the prime factors of j?
3, 5, 13
Let z(x) = x**2 - 5*x - 25. Let s be z(-3). What are the prime factors of (-8)/((-32)/(-124))*s*2?
2, 31
Let j(m) = 131*m**2 + 54*m - 196. What are the prime factors of j(4)?
2, 23
Let b(r) = r**3 + 2*r**2 - r + 1. Let d be b(-2). Let l = 3 - d. What are the prime factors of (l - (-2)/2) + 8?
3
Let c = -12 - -12. Suppose 16 + c = 2*v. List the prime factors of 236/v - (-6)/(-12).
29
Let d(c) = -174*c**3 - 4*c**2 - 11*c - 5. What are the prime factors of d(-2)?
7, 199
Let f(s) = 2*s**2 - 3*s + 2. Let q = -36 - -51. Suppose -6*t + q = -t. List the prime factors of f(t).
11
Let x be 5502/56 - ((-3)/(-4))/3. Let g = x - 33. List the prime factors of g.
5, 13
Let f(c) = 3*c**2 + 15*c + 14. Let d(s) = -7*s**2 - 31*s - 28. Let a(q) = -2*d(q) - 5*f(q). List the prime factors of a(-5).
2, 13
Let f(u) = 625*u - 1. Let v be f(-2). What are the prime factors of 3/(v/(-612) + (-2)/1)?
2, 17
Suppose -1264 = -m - 7*m. Suppose 0 = w - 3*w + n + 146, -2*w - 2*n = -m. What are the prime factors of w?
3, 5
Let m(h) = -7*h + 62. List the prime factors of m(-18).
2, 47
Suppose 0 = -4*c - 5*g + 28 + 4, -8 = -c + 4*g. Let v(t) = 3*t - 20. Let h be v(c). Suppose -a - h*a + 230 = 0. List the prime factors of a.
2, 23
Let y = -8 + 9. Let i(m) = 104*m**3 + m**2 - 2*m + 1. What are the prime factors of i(y)?
2, 13
What are the prime factors of 205 + -7*4/(-28)?
2, 103
Let x = -20 + 23. Suppose -8*z + 250 = -x*z. What are the prime factors of z?
2, 5
Let v(n) = -7*n**3 - 17*n**2 + 34*n + 5. Let i(a) = -a**3 - a**2 + a. Let g(h) = 6*i(h) - v(h). List the prime factors of g(-13).
3, 7
List the prime factors of (-3291 - -3)/(0 - 2).
2, 3, 137
Suppose 4*b = 2*g - 1802, -4*g + 4036 = b + 441. List the prime factors of g.
29, 31
Let k(u) = -415*u - 18. List the prime factors of k(-1).
397
Suppose 0*d + 20 = -2*d. What are the prime factors of 273/5 - (-6)/d?
2, 3
Suppose -4*y + y - 4*o - 50 = 0, 4*o = -4*y - 60. Let f = 13 + y. What are the prime factors of -62*(20/8 - f)?
31
Let d(q) = 16*q**3 + 2*q**2 - 2*q - 10. What are the prime factors of d(4)?
2, 3, 173
Let n = 13 + -8. Let b be (-95)/(-35) - 6/(-21). Suppose -n*p + 2*f + 26 = -4*p, -b*f - 6 = 0. What are the prime factors of p?
2, 11
Suppose z - 3*s + 12 = 4*z, -4 = -2*z - s. Suppose z = -3*f + 12, -4*m = -5*m + f + 55. What are the prime factors of m?
59
Let k(z) = -904*z**3 + z. What are the prime factors of k(-1)?
3, 7, 43
Let z = 3 + -23. Let q = z - -131. List the prime factors of q.
3, 37
Let y be (1 + 113)*6/(-12). Let g = y - -144. List the prime factors of g.
3, 29
List the prime factors of 2/(-6) + 949/3.
2, 79
Let y(w) = 2*w**2 - 7*w + 10. Let z(s) = -s - 7. Let q be z(-10). Let k be (4 + -1)/q - -4. What are the prime factors of y(k)?
5
List the prime factors of ((-471)/4)/((-69)/368).
2, 157
What are the prime factors of (-9)/(-8 + (-8220)/(-1028))?
3, 257
Let y = -968 - -1513. List the prime factors of y.
5, 109
Suppose 59 = t - 115. What are the prime factors of t?
2, 3, 29
Suppose -9973 - 1709 = -6*i. List the prime factors of i.
3, 11, 59
Suppose 0 = 6*m - 5*m - 4*h - 513, 517 = m - 2*h. List the prime factors of m.
521
Let h(a) = -2*a**2. Let y be h(0). Let r(n) = -12*n + 1. Let w be r(1). Let o = y - w. What are the prime factors of o?
11
Let n = -108 - -153. Let c = n - 41. What are the prime factors of c?
2
Let l(z) = z**2 + 7*z + 2. Suppose 3*v = -0*v - 21. Let f be l(v). Suppose -5*o - 2*g + 109 = 0, -f*o + 3*g + 48 = 12. List the prime factors of o.
3, 7
List the prime factors of (182/21 + -9)*-6999.
2333
Suppose 0 = -6*r - 311 + 2315. What are the prime factors of r?
2, 167
Suppose -2*l + 3*l = 2*k + 94, -4*k = 4*l - 400. List the prime factors of l.
2, 7
Let o(c) = 86*c**2 + 13*c - 103. What are the prime factors of o(6)?
37, 83
Let d(a) = -8 + 0 + 0 + a + 44*a**2 + 0*a. Let t be d(-3). Suppose g + t = 6*g. List the prime factors of g.
7, 11
Let w = -59 - -55. Let u(y) = 12*y**2 - 12. List the prime factors of u(w).
2, 3, 5
Let f = 289 - -508. List the prime factors of f.
797
Suppose -2*t + 2*q = -3*q - 350, 5*t - 4*q = 858. List the prime factors of t.
2, 5, 17
Suppose 0 = 2*v + 17 + 5. Let z be 5/(25/180)*3/4. Let w = z + v. What are the prime factors of w?
2
Suppose 6*l + 771 = 9*l. What are the prime factors of l?
257
Let a = 27 - 27. Suppose a = -4*r + r - k + 324, 2*r = -3*k + 223. List the prime factors of r.
107
Let w(g) = g**2 - 53*g + 14. What are the prime factors of w(-8)?
2, 251
What are the prime factors of (-12)/(2 + (-1645)/812)?
2, 29
Suppose -2*i = v - 13, -3*v - v + 4*i + 16 = 0. Suppose v*l = 12*l - 105. List the prime factors of l.
3, 7
Suppose 0 = 2*w + w + 4*j - 21, 5*j = 2*w + 9. Suppose -2*x = -w*x - 3*y + 101, -3*x = -5*y - 345. What are the prime factors of x?
2, 5, 11
Let w = 1857 - 1593. What are the prime factors of w?
2, 3, 11
Suppose 2*r + c = -r + 1419, -2*r - 4*c + 956 = 0. List the prime factors of r.
2, 59
What are the prime factors of 96/10*((-12)/4 - -33)?
2, 3
Let s = 160 - 33. List the prime factors of s.
127
Suppose 12 = 3*v + v + 4*a, 3*a + 11 = 2*v. Let r = -45 - -261. Suppose -2*s - s + 2*m + r = 0, -3*s + 198 = v*m. What are the prime factors of s?
2, 5, 7
Let i = 2316 - 968. List the prime factors of i.
2, 337
Suppose 2*w - 4 = -2*f, 0 = 4*f - 0*f + 5*w - 7. Suppose 16 = f*g + 1. Let s = 28 - g. List the prime factors of s.
23
Suppose 161*o - 162*o = -4. Suppose -36 = -2*f - o. List the prime factors of f.
2
Let q(h) = 12*h. Let t be q(6). Let o(g) = 86*g - 227. Let v be o(4). Let r = v - t. What are the prime factors of r?
3, 5
Suppose -2*n - 2 - 2 = 0. List the prime factors of (0 - n)*(730/(-4))/(-5).
73
Let r(h) = 8*h - 2*h**2 + h - 8*h**2 + h**3 + 8. Let x be r(9). Let z(s) = -s**2 + 10*s - 2. What are the prime factors of z(x)?
2, 7
What are the prime factors of 236/(-6)*(-22 - -13)?
2, 3, 59
Let k(l) = -2*l**3 + 3*l**2 - 2*l. Let d be k(2). Let z be (d - -10) + 56/2. List the prime factors of (27/4)/(z/80).
2, 3
Let l(d) = -4*d - 8. Let h be l(-3). Suppose h*g = 702 - 58. List the prime factors of g.
7, 23
Let f be 12/(-28)*-7*1. What are the prime factors of 102 - -2*f/6